3*m. Is n a multiple of 11?
True
Suppose -2*v - 2*v = -76. Suppose 3*i - 50 - v = 0. Is i a multiple of 8?
False
Suppose -7*a + 5*a = 0. Let s(x) = x**3 + x + 7. Is 3 a factor of s(a)?
False
Suppose p = -p. Suppose g - 6*g + 160 = p. Is g a multiple of 17?
False
Suppose 2*n + 254 = 4*n. Suppose 2*f = 0, -23 = -3*y + 2*f + n. Suppose 5*a + 2*p + p - 246 = 0, -p = a - y. Is 19 a factor of a?
False
Suppose -r + 0*r = 210. Let x = -147 - r. Suppose -5*d + 2*d - 4*g + 42 = 0, 3*g = -4*d + x. Is 9 a factor of d?
True
Let x = 112 - 76. Let j be 1*1/(-2)*0. Suppose j = -4*n + 28 + x. Does 16 divide n?
True
Let k(u) = 3*u - 1. Let q be k(1). Suppose 0 = -b - 4 - q. Let p(f) = f**2 + 3*f - 4. Is 14 a factor of p(b)?
True
Suppose 65*g + 8 = 69*g. Does 2 divide g?
True
Suppose -5*z + l + 285 = -438, 0 = 2*z - 5*l - 303. Suppose -z = 10*j - 13*j. Is 16 a factor of j?
True
Let p = 3 + -5. Let d be p*(21/6 + -2). Let r = 16 + d. Does 13 divide r?
True
Suppose -94 - 811 = -5*z. Is 15 a factor of z?
False
Let c(b) = 4*b**3 - 3*b**2 + 2*b - 3. Let y be (-6)/9*(0 + -6). Let u be 2 - (2 + y/(-2)). Is c(u) a multiple of 8?
False
Is 8 a factor of ((-10)/(-4))/(3/54)?
False
Suppose -4*i - 123 = i - 3*r, 0 = 3*i - r + 73. Let z be 141/4 + 1/(-4). Let l = z + i. Does 11 divide l?
True
Suppose -5*h + 4 + 16 = 0. Let o(u) = h*u**3 + u**3 + 5 - 6*u - 2*u**2 - 4*u**3. Is o(4) a multiple of 13?
True
Suppose -4*m - 18 = 42. Is 13 a factor of (m/10)/(3/(-52))?
True
Let c(n) = -n**3 - 12*n**2 + 8*n - 35. Is 5 a factor of c(-13)?
True
Let c(i) = -i**3 - 13*i**2 - 14*i - 10. Is 14 a factor of c(-12)?
True
Let u = 307 - 169. Is u a multiple of 14?
False
Let q(x) = x + 2. Let r be q(-3). Is (r + -4)/((-5)/20) a multiple of 6?
False
Let p(t) = -7*t**2 + 4*t + 29. Let w(b) = 10*b**2 - 6*b - 43. Let y(l) = 7*p(l) + 5*w(l). Does 32 divide y(-7)?
False
Suppose 0*c - 4*s - 1055 = -3*c, -4*c = -3*s - 1409. Does 17 divide c?
False
Let h(q) be the second derivative of q**3 - q**2 - 5*q. Is h(5) a multiple of 7?
True
Let l be -1 + 2*(-1)/2. Is -2 - (-43 + l + -1) a multiple of 9?
False
Let q = -1 - -5. Suppose 2*l - q*l = 6. Does 10 divide ((-13)/(-3))/((-1)/l)?
False
Let f = 121 + -79. Does 7 divide f?
True
Is (144/(-6))/(-1*1/7) a multiple of 7?
True
Let w = 55 - -32. Does 46 divide w?
False
Let f = -91 + 130. Is 15 a factor of f?
False
Let q(j) = j + 4. Let f be q(-4). Suppose 0 = 4*r - f*r - 8. Suppose -5*m + 100 = r*a, 5*a + 29 = 2*m - 11. Is m a multiple of 10?
True
Suppose 0 = -8*k - 268 + 2788. Is k a multiple of 35?
True
Let z be 64/20 - 4/(-5). Suppose 2*o - 3*o = z*r - 112, 112 = 4*r + 3*o. Is 28 a factor of r?
True
Suppose 2*p - 4*p + 40 = 0. Is p a multiple of 10?
True
Let f = 17 + -73. Let i = -37 - f. Is 19 a factor of i?
True
Suppose 3*a - 108 = 5*p, -2*a - 4*p = a - 108. Suppose -144 - a = -5*s. Is 3 a factor of (s/30)/(2/15)?
True
Suppose -5*q = -d, d - 3*q = -0*q. Suppose 3*x - 5*x + 38 = d. Does 5 divide x?
False
Suppose -m + 51 + 69 = 0. Is 24 a factor of m?
True
Suppose 2*o + 2*o + 8 = -2*a, 0 = -3*o - 15. Let n = 8 - a. Suppose 2*t = -n*t + 48. Does 6 divide t?
True
Let o = 69 + -122. Let y = o + 93. Is y a multiple of 17?
False
Let o = -657 - -975. Is (-6)/(-21) + o/14 a multiple of 7?
False
Suppose -1 = 2*z - 5. Suppose 2*f + 200 = -z*f. Let o = -32 - f. Is o a multiple of 8?
False
Suppose -6 = 3*j - 2*g - 2*g, 2*j - 2*g + 2 = 0. Suppose -j*o - 10 = -4*d, -d + 2*o = d - 4. Suppose d*v - 9 = 99. Does 18 divide v?
True
Suppose q - 32 = 2*g + 13, -5*q = 4*g - 197. Let z = -6 + q. Suppose -4*o - z = -9*o. Is 7 a factor of o?
True
Let s be 0/((-4)/(-6)*3). Suppose 2*q + s*q = 10. Suppose q*h - 58 = 72. Does 13 divide h?
True
Let i be (-467 - 1)/(-3) + -1. Suppose -5*q + 0*q = -i. Is 14 a factor of q?
False
Let j(i) = -1 - 2*i + 7*i**2 + i**2 - i**3 - 3. Let h be j(3). Suppose -z = 3*u - 40, 3*u + u + 5*z - h = 0. Does 13 divide u?
False
Let c(t) = 6*t - 3. Suppose 3*u = -j + 4, u - j + 2 = -2*j. Does 15 divide c(u)?
True
Let c be 0/2 + (0 - -2). Suppose -5*g - 43 = -3*u - 353, 3*u = c*g - 115. Is 19 a factor of g?
False
Let j(g) = -3*g**3 - 2*g - 1. Let z be j(-1). Suppose 2*d + 5*o - 4*o - 42 = 0, z*o - 42 = -2*d. Is d a multiple of 6?
False
Let a(k) be the second derivative of -k**5/20 - 5*k**4/12 - 7*k**3/6 - 5*k**2/2 - 2*k. Is a(-4) a multiple of 6?
False
Let t(g) = g**3 + 6*g**2 + 5*g + 6. Let i be t(-5). Let m(n) = n**3 - 4*n**2 - 2*n + 7. Is m(i) a multiple of 17?
False
Let o = 32 - -1. Is 33 a factor of o?
True
Let v(s) = 4*s - 1 + s - 4. Does 6 divide v(4)?
False
Let v(s) = 2*s**3 + 3*s - 1. Is 21 a factor of v(2)?
True
Let a be 5/(-3 + 1 - -3). Suppose a*n + 21 = -4, -2*n = -3*l + 112. Is 8 a factor of l?
False
Let y be (-82)/(-2) - (-3 - -1). Suppose 0 = 3*d + 2*c - y, 5*d - d + c = 49. Let x = d - -2. Is x a multiple of 6?
False
Suppose -8*b + 4*p = -3*b - 68, 0 = p + 2. Does 3 divide b?
True
Is (4 - 1)/((-30)/(-40)) a multiple of 3?
False
Let b = 32 - 12. Let x(o) = 4*o**2 - 1. Let h be x(1). Suppose i = -h*i + b. Does 5 divide i?
True
Let t = 434 - 137. Is t a multiple of 9?
True
Suppose z = 3*d + 7 + 3, -22 = 4*d + 3*z. Let s be 1074/22 - d/22. Let w = s - 29. Is 10 a factor of w?
True
Is 12 a factor of ((-54)/15)/(2/(-25))?
False
Let k(p) = 5*p**2 + 5*p + 6. Is k(-4) a multiple of 8?
False
Let i(j) = 2*j**3 - 5*j**2 - 5*j + 5. Let n be i(4). Let m be (n/6)/((-2)/4). Let v = 25 + m. Does 7 divide v?
True
Suppose 3*s = -2*p + 7*p - 50, 5*p - 4*s - 50 = 0. Is 3 a factor of p?
False
Let u(x) = 0 - 11*x - 7 + 3 + 2*x**2. Does 11 divide u(8)?
False
Let z(s) = -s**2 - 3*s + 1. Let b be z(-3). Let p be (-81 + b)*6/(-15). Is (p/(-10))/((-3)/15) a multiple of 11?
False
Suppose 2*f - f = -1, 4*g + 4*f = 32. Does 9 divide g?
True
Let x(c) = -2*c**3 + 1. Let i be x(-1). Suppose i*f - 76 = f. Does 14 divide f?
False
Let y = 20 + -14. Let v(m) be the first derivative of 5*m**2/2 - 8*m + 1. Is v(y) a multiple of 16?
False
Let v(z) = -z**3 - 4*z**2 + 3*z - 5. Suppose -j = 4, 5*b + 31 = -j + 2. Let o be v(b). Let t(q) = -q**3 + 6*q**2 - 2*q - 5. Is 10 a factor of t(o)?
True
Let j(l) = l**3 + l**2 + 2*l - 2. Let k be j(-6). Let t = -119 - k. Is t a multiple of 19?
False
Let u be (-7)/((-140)/(-96))*-5. Is 3 a factor of 224/u + (-1)/3?
True
Let w = -8 + 12. Let x be (-2)/w - 5/(-2). Let l(f) = 3*f - 2. Is 2 a factor of l(x)?
True
Let h be 4/14 - (-935)/35. Let f = 12 + h. Is 18 a factor of f?
False
Let f(a) = -4 - a**2 - 8*a - 2*a + 17*a. Let d be f(5). Let l(c) = 3*c + 2. Is l(d) a multiple of 20?
True
Let u(s) = -11*s**3 - 24*s**2 - 26*s + 16. Let n(w) = 4*w**3 + 8*w**2 + 9*w - 5. Let f(j) = -8*n(j) - 3*u(j). Does 14 divide f(-6)?
True
Let a(x) = -x**2 + 3*x + 2. Let j be a(4). Let h be (-1)/3 - (-372)/9. Is 1/(j + 83/h) a multiple of 15?
False
Let s(l) = 7*l**2 + 3*l - 17. Let j(b) = 3*b**2 + 2*b - 8. Let g(q) = -5*j(q) + 2*s(q). Let k be g(-5). Let p(d) = 12*d + 1. Does 13 divide p(k)?
True
Let m = -610 + 1100. Is m a multiple of 12?
False
Suppose 20 = 2*f - 4*z + 6*z, -5 = -3*f + 2*z. Let o(a) = -2*a**2 + 5*a**2 - a**3 + 3*a**2 + 3 - 5*a. Is o(f) a multiple of 2?
False
Let p(y) = -2*y**3 - 2*y - 2. Is 6 a factor of p(-2)?
True
Let l(k) = k**3 - 16*k**2 + 7*k + 5. Is 9 a factor of l(16)?
True
Let m = -6 - -9. Let q be (-1 - 87/m)/(-1). Let p = q + -16. Does 14 divide p?
True
Is 3 a factor of 20 + 2 + 16/(-4)?
True
Let r(p) = -9 + p**2 - p + 7 + 2*p**3 + 4. Suppose 4 = -0*c + 2*c. Does 10 divide r(c)?
True
Let k(c) = -92*c - 3. Let b be k(-2). Suppose 4*t - b = -17. Suppose j = -3, -4*h - 2*j - 3*j = -t. Is h a multiple of 7?
True
Suppose -2*y = -3*y + 12. Is 8 a factor of y?
False
Suppose -a + 5*j + 132 = 0, 0*a + 2*a = 3*j + 278. Is 27 a factor of a?
False
Let b = 223 - 157. Is 11 a factor of b?
True
Let w(t) be the second derivative of t**4/2 - t**3/6 - t**2/2 - 3*t. Let r be w(2). Does 12 divide 6/r + 89/7?
False
Is 1/7 - 162/(-42) a multiple of 2?
True
Let z be 1 - -2 - (-6 - -7). Let w = z + 30. Let i = 54 - w. Does 11 divide i?
True
Let k = 131 - 89. Is 21 a factor of k?
True
Let z(y) = 22*y - 9. Let l(g) = -11*g + 5. Let k(i) = -5*l(i) - 3*z(i). Let p be (-4)/6*(-3)/(-6)*6. Does 12 divide k(p)?
True
Let f(a) = -2*a**2 + 18. Is f(0) a multiple of 9?
True
Is (